at is the remainder when 230622 is divided by 76849?
75
What is the remainder when 11682340 is divided by 173?
169
What is the remainder when 208045 is divided by 486?
37
What is the remainder when 284942828 is divided by 1346?
12
Calculate the remainder when 3180586 is divided by 1766.
20
What is the remainder when 60291 is divided by 1141?
959
What is the remainder when 3482319 is divided by 38?
37
What is the remainder when 262957 is divided by 136?
69
Calculate the remainder when 57043 is divided by 3785.
268
What is the remainder when 1042859 is divided by 544?
11
What is the remainder when 421912 is divided by 86?
82
What is the remainder when 2641241 is divided by 2695?
141
What is the remainder when 3831895 is divided by 8331?
7966
What is the remainder when 51898447 is divided by 57?
4
Calculate the remainder when 280097 is divided by 4115.
277
What is the remainder when 730245 is divided by 104316?
33
What is the remainder when 224994 is divided by 6774?
1452
Calculate the remainder when 244152 is divided by 11625.
27
What is the remainder when 90549784 is divided by 2170?
24
Calculate the remainder when 24527 is divided by 787.
130
What is the remainder when 24818354 is divided by 254?
14
What is the remainder when 62285245 is divided by 563?
555
Calculate the remainder when 26622136 is divided by 4883.
20
Calculate the remainder when 5979438 is divided by 41.
39
What is the remainder when 2392878 is divided by 159523?
33
What is the remainder when 608831679 is divided by 693?
687
What is the remainder when 39319630 is divided by 1004?
982
Calculate the remainder when 2288159 is divided by 35.
34
What is the remainder when 216644 is divided by 77?
43
What is the remainder when 81928386 is divided by 39?
33
Calculate the remainder when 242436 is divided by 22949.
12946
Calculate the remainder when 28967037 is divided by 15.
12
Calculate the remainder when 118432 is divided by 118429.
3
What is the remainder when 286654 is divided by 2790?
2074
Calculate the remainder when 263813 is divided by 23844.
1529
What is the remainder when 13328439 is divided by 816?
711
Calculate the remainder when 13052437 is divided by 1084.
1077
What is the remainder when 153409 is divided by 153345?
64
Calculate the remainder when 4222443 is divided by 17234.
113
What is the remainder when 68254545 is divided by 1364?
1349
Calculate the remainder when 664158 is divided by 35.
33
What is the remainder when 419325 is divided by 182?
179
Calculate the remainder when 286956 is divided by 57381.
51
What is the remainder when 1963990 is divided by 13821?
1408
What is the remainder when 4324256 is divided by 87?
8
Calculate the remainder when 1232793 is divided by 21255.
3
What is the remainder when 934681 is divided by 186933?
16
Calculate the remainder when 282353 is divided by 55445.
5128
Calculate the remainder when 6789333 is divided by 3394663.
7
What is the remainder when 28591936 is divided by 1361520?
16
What is the remainder when 8787116 is divided by 7179?
20
What is the remainder when 50465 is divided by 215?
155
What is the remainder when 25013372 is divided by 35?
27
Calculate the remainder when 159070 is divided by 52872.
454
Calculate the remainder when 36749121 is divided by 93.
78
What is the remainder when 891506 is divided by 68574?
44
What is the remainder when 1820403 is divided by 8586?
171
What is the remainder when 1500081 is divided by 129?
69
Calculate the remainder when 132441 is divided by 66090.
261
Calculate the remainder when 12829 is divided by 6030.
769
Calculate the remainder when 655241 is divided by 116.
73
What is the remainder when 6920 is divided by 4612?
2308
What is the remainder when 3485336 is divided by 36?
32
Calculate the remainder when 72796 is divided by 7219.
606
Calculate the remainder when 244136 is divided by 22194.
2
Calculate the remainder when 45412 is divided by 22477.
458
Calculate the remainder when 2370781 is divided by 69.
10
What is the remainder when 3327331 is divided by 69319?
19
Calculate the remainder when 277773 is divided by 7715.
33
What is the remainder when 62752 is divided by 4468?
200
Calculate the remainder when 69927 is divided by 597.
78
What is the remainder when 10307 is divided by 1476?
1451
What is the remainder when 1225959 is divided by 4?
3
What is the remainder when 806988 is divided by 1059?
30
Calculate the remainder when 2155507 is divided by 355.
302
What is the remainder when 592951 is divided by 234?
229
Calculate the remainder when 6552520 is divided by 156001.
478
What is the remainder when 11910856 is divided by 102?
10
What is the remainder when 617632 is divided by 308427?
778
What is the remainder when 167532 is divided by 1641?
150
Calculate the remainder when 344372 is divided by 17214.
92
Calculate the remainder when 60536 is divided by 123.
20
Calculate the remainder when 7942218 is divided by 1121.
1054
Calculate the remainder when 6115595 is divided by 1019257.
53
Calculate the remainder when 2003468 is divided by 2140.
428
What is the remainder when 3512528 is divided by 1566?
1556
What is the remainder when 335749 is divided by 6850?
99
Calculate the remainder when 2791118 is divided by 3551.
32
Calculate the remainder when 11143913 is divided by 2361.
2354
Calculate the remainder when 2998241 is divided by 164.
157
What is the remainder when 12875248 is divided by 186?
142
What is the remainder when 1763589 is divided by 60812?
41
Calculate the remainder when 2976611 is divided by 88.
11
Calculate the remainder when 18630724 is divided by 26.
8
Calculate the remainder when 59262856 is divided by 1560.
16
What is the remainder when 92386412 is divided by 3969?
3968
Calculate the remainder when 14110613 is divided by 703.
700
What is the remainder when 857211 is divided by 4180?
311
Calculate the remainder when 338871 is divided by 823.
618
Calculate the remainder when 58307049 is divided by 25.
24
What is the remainder when 203035 is divided by 705?
700
Calculate the remainder when 2618674 is divided by 1310.
1294
Calculate the remainder when 93332 is divided by 75.
32
What is the remainder when 375216 is divided by 374937?
279
Calculate the remainder when 3097929 is divided by 86033.
741
What is the remainder when 151785761 is divided by 25297626?
5
Calculate the remainder when 25313488 is divided by 18.
16
What is the remainder when 30235976 is divided by 123?
116
Calculate the remainder when 16475981 is divided by 1497.
1496
What is the remainder when 3751156 is divided by 386?
8
Calculate the remainder when 18326 is divided by 17912.
414
What is the remainder when 107605 is divided by 2359?
1450
Calculate the remainder when 10360801 is divided by 800.
1
Calculate the remainder when 6431528 is divided by 479.
474
Calculate the remainder when 10242631 is divided by 1163.
90
Calculate the remainder when 3393543 is divided by 49.
48
Calculate the remainder when 59991366 is divided by 242880.
6
What is the remainder when 72946052 is divided by 13?
10
Calculate the remainder when 6387492 is divided by 8738.
14
Calculate the remainder when 279797 is divided by 69596.
1413
What is the remainder when 4817819 is divided by 81?
20
What is the remainder when 14268635 is divided by 162?
161
Calculate the remainder when 812625 is divided by 2335.
45
What is the remainder when 64760 is divided by 5813?
817
Calculate the remainder when 1718884 is divided by 739.
709
Calculate the remainder when 27752215 is divided by 991150.
15
Calculate the remainder when 42954 is divided by 42824.
130
Calculate the remainder when 32259427 is divided by 13151.
24
Calculate the remainder when 32574 is divided by 32245.
329
What is the remainder when 23410800 is divided by 584?
576
What is the remainder when 308257703 is divided by 1566?
1565
What is the remainder when 117408099 is divided by 2863612?
7
Calculate the remainder when 781330 is divided by 781320.
10
Calculate the remainder when 26619604 is divided by 985911.
7
Calculate the remainder when 11869028 is divided by 11869024.
4
What is the remainder when 298909 is divided by 29882?
89
What is the remainder when 55863217 is divided by 216?
1
Calculate the remainder when 274744 is divided by 2033.
289
Calculate the remainder 